{"id":2474,"date":"2025-05-28T12:08:34","date_gmt":"2025-05-28T11:08:34","guid":{"rendered":"https:\/\/www.naimacuisine.fr\/blog\/?page_id=2474"},"modified":"2025-05-28T12:43:36","modified_gmt":"2025-05-28T11:43:36","slug":"voici-la-version-complete-de-tous-tes-ateliers-mise-en-forme-pour-une-utilisation-directe-sur-wordpress-ou-instagram-format-simple-clair-et-facile-a-copier-coller-sans-balises-complexes","status":"publish","type":"page","link":"https:\/\/www.naimacuisine.fr\/blog\/voici-la-version-complete-de-tous-tes-ateliers-mise-en-forme-pour-une-utilisation-directe-sur-wordpress-ou-instagram-format-simple-clair-et-facile-a-copier-coller-sans-balises-complexes\/","title":{"rendered":""},"content":{"rendered":"\n<p><\/p>\n\n\n\n<h2 class=\"wp-block-heading\"><mark style=\"background-color:rgba(0, 0, 0, 0)\" class=\"has-inline-color has-black-color\">JUIN<\/mark><\/h2>\n\n\n\n<p><mark style=\"background-color:rgba(0, 0, 0, 0)\" class=\"has-inline-color has-black-color\"><strong>Samedi 21 juin \u00e0 10h (atelier de 3h)<\/strong><br>&#8211;<strong> Fraisier<\/strong><br> \u2022 Biscuit g\u00e9noise, cr\u00e8me diplomate \u00e0 la vanille, fraises fra\u00eeches<br> \u2022 Montage et d\u00e9coration personnalis\u00e9e<\/mark><\/p>\n\n\n\n<p><\/p>\n\n\n\n<p><mark style=\"background-color:rgba(0, 0, 0, 0)\" class=\"has-inline-color has-black-color\"><strong>Samedi 28 juin \u00e0 10h (atelier de 3h)<\/strong><br><strong>&#8211;<\/strong> <strong>Atelier Mezz\u00e9 libanais<\/strong><br>\u2022 Kebbeh farci de viande hach\u00e9e aux quatre \u00e9pices<br>\u2022Houmous classique<br>\u2022 Houmous de poivron , houmous de betterave<br>\u2022 Osmaliyeh \u00e0 base de kada\u00eff et de cr\u00e8me de riz , parfum\u00e9 \u00e0 la fleur d&rsquo;oranger ou eau de rose (pr\u00e9paration individuelle)<br>\u2022 Pain libanais fourni<\/mark><\/p>\n\n\n\n<p><\/p>\n\n\n\n<p><\/p>\n\n\n\n<h2 class=\"wp-block-heading\"><strong><mark style=\"background-color:rgba(0, 0, 0, 0)\" class=\"has-inline-color has-black-color\">JUILLET <\/mark><\/strong><\/h2>\n\n\n\n<p><mark style=\"background-color:rgba(0, 0, 0, 0)\" class=\"has-inline-color has-black-color\"><strong>Samedi 5 juillet \u00e0 10h (atelier de 3h)<\/strong><br><strong>&#8211; Trop\u00e9zienne<\/strong><br>\u2022 Brioche moelleuse au beurre<br>\u2022 Cr\u00e8me diplomate \u00e0 la fleur d\u2019oranger<br>\u2022 Sucre perl\u00e9 et montage<\/mark><\/p>\n\n\n\n<p><mark style=\"background-color:rgba(0, 0, 0, 0)\" class=\"has-inline-color has-black-color\"><strong>Samedi 12 juillet \u00e0 10h (atelier de 3h)<\/strong><br><strong>&#8211;<\/strong> <strong>Sp\u00e9cial Macarons<\/strong><br>\u2022 Macarons abricot-lavande <br>\u2022 Macarons au chocolat<br>\u2022<em> Nous pr\u00e9parerons: une meringue italienne, une ganache abricot infus\u00e9e \u00e0 la lavande et une ganache au chocolat noir .<\/em><\/mark><\/p>\n\n\n\n<p><\/p>\n\n\n\n<p><\/p>\n","protected":false},"excerpt":{"rendered":"<p>JUIN Samedi 21 juin \u00e0 10h (atelier de 3h)&#8211; Fraisier \u2022 Biscuit g\u00e9noise, cr\u00e8me diplomate \u00e0 la vanille, fraises fra\u00eeches \u2022 Montage et d\u00e9coration personnalis\u00e9e Samedi 28 juin \u00e0 10h (atelier de 3h)&#8211; Atelier Mezz\u00e9 libanais\u2022 Kebbeh farci de viande hach\u00e9e aux quatre \u00e9pices\u2022Houmous classique\u2022 Houmous de poivron , houmous de betterave\u2022 Osmaliyeh \u00e0 base de kada\u00eff et de cr\u00e8me de riz , parfum\u00e9 \u00e0 la fleur d&rsquo;oranger ou eau de rose (pr\u00e9paration individuelle)\u2022 Pain libanais fourni JUILLET Samedi 5 juillet \u00e0 10h (atelier de 3h)&#8211; Trop\u00e9zienne\u2022 Brioche moelleuse au&#8230;<a class=\"read-more\" href=\"https:\/\/www.naimacuisine.fr\/blog\/voici-la-version-complete-de-tous-tes-ateliers-mise-en-forme-pour-une-utilisation-directe-sur-wordpress-ou-instagram-format-simple-clair-et-facile-a-copier-coller-sans-balises-complexes\/\">read more<\/a><\/p>\n","protected":false},"author":1,"featured_media":0,"parent":0,"menu_order":0,"comment_status":"closed","ping_status":"closed","template":"","meta":{"footnotes":""},"class_list":["post-2474","page","type-page","status-publish","hentry","et-no-image","et-bg-layout-dark","et-white-bg"],"_links":{"self":[{"href":"https:\/\/www.naimacuisine.fr\/blog\/wp-json\/wp\/v2\/pages\/2474","targetHints":{"allow":["GET"]}}],"collection":[{"href":"https:\/\/www.naimacuisine.fr\/blog\/wp-json\/wp\/v2\/pages"}],"about":[{"href":"https:\/\/www.naimacuisine.fr\/blog\/wp-json\/wp\/v2\/types\/page"}],"author":[{"embeddable":true,"href":"https:\/\/www.naimacuisine.fr\/blog\/wp-json\/wp\/v2\/users\/1"}],"replies":[{"embeddable":true,"href":"https:\/\/www.naimacuisine.fr\/blog\/wp-json\/wp\/v2\/comments?post=2474"}],"version-history":[{"count":4,"href":"https:\/\/www.naimacuisine.fr\/blog\/wp-json\/wp\/v2\/pages\/2474\/revisions"}],"predecessor-version":[{"id":2480,"href":"https:\/\/www.naimacuisine.fr\/blog\/wp-json\/wp\/v2\/pages\/2474\/revisions\/2480"}],"wp:attachment":[{"href":"https:\/\/www.naimacuisine.fr\/blog\/wp-json\/wp\/v2\/media?parent=2474"}],"curies":[{"name":"wp","href":"https:\/\/api.w.org\/{rel}","templated":true}]}}