{"id":19,"date":"2013-11-19T19:40:22","date_gmt":"2013-11-19T18:40:22","guid":{"rendered":"http:\/\/www.naimacuisine.fr\/blog\/?page_id=19"},"modified":"2014-01-03T13:54:09","modified_gmt":"2014-01-03T12:54:09","slug":"les-plats","status":"publish","type":"page","link":"https:\/\/www.naimacuisine.fr\/blog\/les-plats\/","title":{"rendered":"Les plats &#038; p\u00e2tisseries marocaines"},"content":{"rendered":"<pre><span style=\"text-decoration: underline;\"><span style=\"color: #ff6600; text-decoration: underline;\"><strong>Voici les plats propos\u00e9s durant les cours :<\/strong><\/span><\/span><\/pre>\n<p>&nbsp;<\/p>\n<p><strong>\u00a0 \u00a0 \u00a0 \u00a0 \u00a0 \u00a0 \u00a0 \u00a0 \u00a0 \u00a0 \u00a0 \u00a0 \u00a0 \u00a0 \u00a0 \u00a0 \u00a0 \u00a0 \u00a0 \u00a0 \u00a0 \u00a0 \u00a0 \u00a0 \u00a0 \u00a0 \u00a0 \u00a0 \u00a0 \u00a0 \u00a0 \u00a0 \u00a0 \u00a0<span style=\"color: #ff6600;\">\u00a0 \u00a0Les \u00a0Salades :<\/span><\/strong><\/p>\n<p>&#8211; Zaalouk d\u2019aubergines (Sorte de ratatouille ).<\/p>\n<p>&#8211; Chakchouka (Salade de tomates et poivrons grill\u00e9s cuite)<\/p>\n<p>&#8211; Carottes au cumin<\/p>\n<p>&#8211; F\u00e8ves cuites au citron confit<\/p>\n<p>&#8211; Marinade de poivrons grill\u00e9s \u00e0 l\u2019huile d\u2019olive<\/p>\n<p>&#8211; Epinards ou blettes cuites \u00e0 la marocaine<\/p>\n<p>&nbsp;<\/p>\n<p><strong>\u00a0 \u00a0 \u00a0 \u00a0 \u00a0 \u00a0 \u00a0 \u00a0 \u00a0 \u00a0 \u00a0 \u00a0 \u00a0 \u00a0 \u00a0 \u00a0 \u00a0 \u00a0 \u00a0 \u00a0 \u00a0 \u00a0 \u00a0 \u00a0 \u00a0 \u00a0 \u00a0 \u00a0<span style=\"color: #ff6600;\"> Les Briouates ( samoussas aux \u00e9pices du Maroc)\u00a0<\/span><\/strong><\/p>\n<p>&#8211; <em>Confection de briouates avec feuilles de bricks, ou feuilles de filo)<\/em><\/p>\n<p>&#8211; Briouate de Kefta d\u2019agneau,menthe et cannelle<\/p>\n<p>&#8211; Briouate au poulet<\/p>\n<p>&#8211; Briouate au fromage de ch\u00e8vre<\/p>\n<p>&#8211; Briouates aux petits l\u00e9gumes et viande hach\u00e9e.<\/p>\n<p>&#8211; Briouat de crevettes \u00e0 la coriandre<\/p>\n<p>&nbsp;<\/p>\n<p><strong>\u00a0 \u00a0 \u00a0 \u00a0 \u00a0 \u00a0 \u00a0 \u00a0 \u00a0 \u00a0 \u00a0 \u00a0 \u00a0 \u00a0 \u00a0 \u00a0 \u00a0 \u00a0 \u00a0 \u00a0 \u00a0 \u00a0 \u00a0 \u00a0 \u00a0 \u00a0 \u00a0 \u00a0 \u00a0 \u00a0 \u00a0 \u00a0 \u00a0 \u00a0 \u00a0<span style=\"color: #ff6600;\">LES PASTILLAS<\/span><\/strong><\/p>\n<p>&#8211; Mini pastillas au cailles<\/p>\n<p>&#8211; Mini pastillas aux poissons<\/p>\n<p>Tajines selon les saisons :<\/p>\n<p>&nbsp;<\/p>\n<p><strong>\u00a0 \u00a0 \u00a0 \u00a0 \u00a0 \u00a0 \u00a0 \u00a0 \u00a0 \u00a0 \u00a0 \u00a0 \u00a0 \u00a0 \u00a0 \u00a0 \u00a0 \u00a0 \u00a0 \u00a0 \u00a0 \u00a0 \u00a0 \u00a0 \u00a0 \u00a0 \u00a0 \u00a0 \u00a0 \u00a0 \u00a0 \u00a0<span style=\"color: #ff6600;\"> \u00a0TAJINES DE VIANDE<\/span><\/strong><\/p>\n<p>&#8211; Tajine de souris d\u2019agneau aux coings caram\u00e9lis\u00e9s (sucr\u00e9-sal\u00e9)<\/p>\n<p>&#8211; Tajine de boulettes de viande (kefta) aux \u0153ufs .<\/p>\n<p>&#8211; Tajine de souris d\u2019agneau aux pruneaux,amandes et graine de s\u00e9same ( sucr\u00e9-sal\u00e9)<\/p>\n<p>&#8211; Tajine de gigot d\u2019agneau aux petits pois, carottes et artichauts<\/p>\n<p>&#8211; Tajine de veau , courgettes \u00e0 l\u2019origan<\/p>\n<p>&#8211; Tajine de souris d\u2019agneau aux artichauts et f\u00e8ves fra\u00eeches<\/p>\n<p>&#8211; Tajine aux navets et gingembre<\/p>\n<p>&nbsp;<\/p>\n<p><strong>\u00a0 \u00a0 \u00a0 \u00a0 \u00a0 \u00a0 \u00a0 \u00a0 \u00a0 \u00a0 \u00a0 \u00a0 \u00a0 \u00a0 \u00a0 \u00a0 \u00a0 \u00a0 \u00a0 \u00a0 \u00a0 \u00a0 \u00a0 \u00a0 \u00a0 \u00a0 \u00a0 \u00a0 \u00a0 \u00a0 <span style=\"color: #ff6600;\">\u00a0 \u00a0 TAJINES DE VOLAILLE<\/span><\/strong><\/p>\n<p>&#8211; Tajine de poulet , confit d\u2019oignons et raisins secs, cannelle.<\/p>\n<p>&#8211; Tajine de poulet fermier aux pruneaux, accompagn\u00e9 de semoule aux amandes et cannelle.<\/p>\n<p>&#8211; Tajine de coquelets aux citrons confits et olives<\/p>\n<p>&#8211; Tajine de poulet fermier cuit au four, sauce aux olives vertes<\/p>\n<p>&#8211; Tajine de canard aux pommes<\/p>\n<p>&nbsp;<\/p>\n<p><strong>\u00a0 \u00a0 \u00a0 \u00a0 \u00a0 \u00a0 \u00a0 \u00a0 \u00a0 \u00a0 \u00a0 \u00a0 \u00a0 \u00a0 \u00a0 \u00a0 \u00a0 \u00a0 \u00a0 \u00a0 \u00a0 \u00a0 \u00a0 \u00a0 \u00a0 \u00a0 \u00a0 \u00a0 \u00a0 \u00a0 \u00a0 <span style=\"color: #ff6600;\">\u00a0TAJINE DE POISSONS<\/span><\/strong><\/p>\n<p>&#8211; Tajine de boulette de merlan aux petits l\u00e9gumes (autre variante : boulettes de sardine).<\/p>\n<p>&#8211; Tajine de lotte aux oignons , raisins secs,<\/p>\n<p>&#8211; Tajine de daurade au fenouil<\/p>\n<p>&nbsp;<\/p>\n<p><strong>\u00a0 \u00a0 \u00a0 \u00a0 \u00a0 \u00a0 \u00a0 \u00a0 \u00a0 \u00a0 \u00a0 \u00a0 \u00a0 \u00a0 \u00a0 \u00a0 \u00a0 \u00a0 \u00a0 \u00a0 \u00a0 \u00a0 \u00a0 \u00a0 \u00a0 \u00a0 \u00a0 \u00a0 \u00a0 \u00a0 \u00a0 \u00a0 \u00a0<span style=\"color: #ff6600;\"> COUSCOUS<\/span><\/strong><\/p>\n<p>&#8211; Couscous aux l\u00e9gumes et viande \u00e0 ma fa\u00e7on<\/p>\n<p>&#8211; Couscous au poisson ( loup, lotte) avec ses l\u00e9gumes, parfum\u00e9 \u00e0 l\u2019huile d\u2019argan(c\u2019est une<\/p>\n<p>sp\u00e9cialit\u00e9 de la ville d\u2019Essaouira).<\/p>\n<p>&#8211; Couscous au poulet fermier, arros\u00e9 de confits d\u2019oignons, raisins secs et pois chiches.<\/p>\n<p>&#8211; D\u2019autres vari\u00e9t\u00e9s , comme le cousous royal(couscous aux l\u00e9gumes,poulets et brochettes<\/p>\n<p>d\u2019agneau) .<\/p>\n<p>&#8211; Cousous sucr\u00e9 , semoule parsem\u00e9 d\u2019amandes grill\u00e9es et pil\u00e9es, sucre gla et cannelle.<\/p>\n<p><strong>\u00a0 \u00a0 \u00a0 \u00a0 \u00a0 \u00a0 \u00a0 \u00a0 \u00a0 \u00a0 \u00a0 \u00a0 \u00a0 \u00a0 \u00a0 \u00a0 \u00a0 \u00a0 \u00a0 \u00a0 \u00a0 \u00a0 \u00a0 \u00a0 \u00a0 \u00a0 \u00a0 <\/strong><\/p>\n<p><strong>\u00a0 \u00a0 \u00a0 \u00a0 \u00a0 \u00a0 \u00a0 \u00a0 \u00a0 \u00a0 \u00a0 \u00a0 \u00a0 \u00a0 \u00a0 \u00a0 \u00a0 \u00a0 \u00a0 \u00a0 \u00a0 \u00a0 \u00a0 \u00a0 \u00a0 \u00a0 <span style=\"color: #ff6600;\">\u00a0 \u00a0SOUPES MAROCAINES<\/span><\/strong><\/p>\n<p>&#8211; HARIRA<\/p>\n<p>&#8211; La chorba<\/p>\n<p><strong>\u00a0 \u00a0 \u00a0 \u00a0 \u00a0 \u00a0 \u00a0 \u00a0 \u00a0 \u00a0 \u00a0 \u00a0 \u00a0 \u00a0 \u00a0 \u00a0 \u00a0 \u00a0 \u00a0 \u00a0 \u00a0 \u00a0 \u00a0 \u00a0 \u00a0 \u00a0 \u00a0 <span style=\"color: #ff6600;\">\u00a0PATISSERIES MAROCAINES<\/span><\/strong><\/p>\n<p>&nbsp;<\/p>\n<p>&#8211; Corne de gazelle<\/p>\n<p>&#8211; Briouat au Miel<\/p>\n<p>&#8211; P\u00e2tisserie aux amandes et miel ( briouates)<\/p>\n<p>&#8211; Ghoriba au s\u00e9same<\/p>\n<p>&#8211; Sabl\u00e9 moelleux aux amandes ou aux graines de s\u00e9same (ghoriba bahla)<\/p>\n<p>&#8211; Makroutes ( g\u00e2teau de semoule aux dattes)<\/p>\n<p>&#8211; Baklava (feuillet\u00e9s aux amandes , parsem\u00e9s de poudre de pistaches)<\/p>\n","protected":false},"excerpt":{"rendered":"<p>Voici les plats propos\u00e9s durant les cours : &nbsp; \u00a0 \u00a0 \u00a0 \u00a0 \u00a0 \u00a0 \u00a0 \u00a0 \u00a0 \u00a0 \u00a0 \u00a0 \u00a0 \u00a0 \u00a0 \u00a0 \u00a0 \u00a0 \u00a0 \u00a0 \u00a0 \u00a0 \u00a0 \u00a0 \u00a0 \u00a0 \u00a0 \u00a0 \u00a0 \u00a0 \u00a0 \u00a0 \u00a0 \u00a0\u00a0 \u00a0Les \u00a0Salades : &#8211; Zaalouk d\u2019aubergines (Sorte de ratatouille ). &#8211; Chakchouka (Salade de tomates et poivrons grill\u00e9s cuite) &#8211; Carottes au cumin &#8211; F\u00e8ves cuites au citron confit &#8211; Marinade de poivrons grill\u00e9s \u00e0 l\u2019huile d\u2019olive &#8211; Epinards ou blettes cuites \u00e0 la marocaine &nbsp; \u00a0&#8230;<a class=\"read-more\" href=\"https:\/\/www.naimacuisine.fr\/blog\/les-plats\/\">read more<\/a><\/p>\n","protected":false},"author":1,"featured_media":0,"parent":0,"menu_order":0,"comment_status":"open","ping_status":"open","template":"","meta":{"footnotes":""},"class_list":["post-19","page","type-page","status-publish","hentry","et-no-image","et-bg-layout-dark","et-white-bg"],"_links":{"self":[{"href":"https:\/\/www.naimacuisine.fr\/blog\/wp-json\/wp\/v2\/pages\/19","targetHints":{"allow":["GET"]}}],"collection":[{"href":"https:\/\/www.naimacuisine.fr\/blog\/wp-json\/wp\/v2\/pages"}],"about":[{"href":"https:\/\/www.naimacuisine.fr\/blog\/wp-json\/wp\/v2\/types\/page"}],"author":[{"embeddable":true,"href":"https:\/\/www.naimacuisine.fr\/blog\/wp-json\/wp\/v2\/users\/1"}],"replies":[{"embeddable":true,"href":"https:\/\/www.naimacuisine.fr\/blog\/wp-json\/wp\/v2\/comments?post=19"}],"version-history":[{"count":12,"href":"https:\/\/www.naimacuisine.fr\/blog\/wp-json\/wp\/v2\/pages\/19\/revisions"}],"predecessor-version":[{"id":150,"href":"https:\/\/www.naimacuisine.fr\/blog\/wp-json\/wp\/v2\/pages\/19\/revisions\/150"}],"wp:attachment":[{"href":"https:\/\/www.naimacuisine.fr\/blog\/wp-json\/wp\/v2\/media?parent=19"}],"curies":[{"name":"wp","href":"https:\/\/api.w.org\/{rel}","templated":true}]}}